number?
False
Is 58553269 prime?
False
Is 1320809 a prime number?
False
Is 42499999 composite?
False
Is 21198253 a composite number?
False
Is 14367931 prime?
False
Is 85316533 prime?
True
Is 2555537 a prime number?
False
Is 16225459 a composite number?
True
Is 141157999 a composite number?
False
Is 38492959 prime?
True
Is 171291 prime?
False
Is 5107061 a prime number?
True
Is 5774099 a composite number?
False
Is 12823301 prime?
True
Is 48241729 a composite number?
False
Is 22524511 composite?
False
Is 205291109 prime?
True
Is 24046801 composite?
False
Is 12724421 a composite number?
False
Is 4715771 a prime number?
True
Is 13712443 composite?
True
Is 10167457 a composite number?
True
Is 1361189 composite?
True
Is 999199 prime?
True
Is 1146599 composite?
True
Is 2430359 a composite number?
False
Is 96410309 a composite number?
False
Is 105943 a composite number?
False
Is 103495669 a composite number?
False
Is 5975467 a prime number?
False
Is 42745883 a composite number?
False
Is 2088617 prime?
False
Is 11637083 prime?
False
Is 17600705 prime?
False
Is 10738001 prime?
False
Is 563809 prime?
True
Is 2149057 prime?
True
Is 18634949 composite?
True
Is 22036717 composite?
False
Is 29482543 a composite number?
False
Is 1454449 prime?
False
Is 2338849 composite?
False
Is 121624493 composite?
False
Is 86289477 a prime number?
False
Is 83732489 a composite number?
True
Is 2909351 a composite number?
True
Is 11328881 a prime number?
True
Is 7469167 a composite number?
True
Is 51703969 composite?
True
Is 28247 composite?
True
Is 167329901 prime?
True
Is 2715409 a prime number?
True
Is 4832123 composite?
False
Is 6643097 prime?
True
Is 66652009 prime?
False
Is 2156489 a composite number?
True
Is 7218971 a prime number?
False
Is 6061249 a prime number?
False
Is 206469929 a prime number?
False
Is 34169935 composite?
True
Is 368837855 prime?
False
Is 133691 composite?
False
Is 4187777 a composite number?
True
Is 1634471 composite?
False
Is 2883937 a composite number?
True
Is 12708721 a prime number?
True
Is 74075453 prime?
True
Is 189683678 composite?
True
Is 12739537 a prime number?
True
Is 832080923 a prime number?
False
Is 4492991 prime?
False
Is 559859 composite?
False
Is 594119927 prime?
False
Is 340834577 a prime number?
False
Is 4934927 a composite number?
True
Is 164118373 composite?
False
Is 5194039 a prime number?
False
Is 104870147 a prime number?
True
Is 79001077 prime?
True
Is 101933531 a prime number?
False
Is 42450779 a prime number?
False
Is 574261 composite?
False
Is 151649917 prime?
False
Is 2016821 composite?
False
Is 7378571 prime?
True
Is 477941 composite?
False
Is 10282073 prime?
True
Is 146056769 a prime number?
True
Is 48164114 a composite number?
True
Is 1630704929 a prime number?
False
Is 107337767 a composite number?
False
Is 47135641 prime?
False
Is 20017 composite?
True
Is 1517099 prime?
True
Is 11887151 composite?
True
Is 11234543 a prime number?
False
Is 14216887 prime?
True
Is 131744623 a prime number?
True
Is 9202979 prime?
False
Is 4340783 a prime number?
True
Is 26057905 composite?
True
Is 644802377 a composite number?
False
Is 8296133 prime?
True
Is 716351 a prime number?
True
Is 20051771 a prime number?
False
Is 240875009 a composite number?
False
Is 112610038 a composite number?
True
Is 11720909 a composite number?
True
Is 3134869 a prime number?
False
Is 110271257 composite?
True
Is 86873291 a composite number?
False
Is 8462107 composite?
True
Is 881807 prime?
False
Is 22132603 a prime number?
True
Is 14367991 a prime number?
False
Is 3667823 a prime number?
True
Is 6807389 a composite number?
False
Is 9782351 composite?
False
Is 213558193 composite?
True
Is 234462983 a composite number?
True
Is 29985967 a composite number?
True
Is 10020331 prime?
True
Is 179534779 composite?
False
Is 1740773 a composite number?
True
Is 31184707 a prime number?
False
Is 8448131 composite?
False
Is 9193537 prime?
False
Is 124279919 prime?
True
Is 419141 composite?
False
Is 125237681 composite?
True
Is 177379607 a prime number?
True
Is 42625967 prime?
False
Is 30604933 prime?
True
Is 160117 a composite number?
False
Is 4084367 prime?
False
Is 41625887 prime?
True
Is 5309589 composite?
True
Is 1207979 a prime number?
True
Is 386713 a prime number?
True
Is 3962461 composite?
False
Is 12186359 prime?
True
Is 1271044741 composite?
True
Is 254483239 a composite number?
True
Is 19462369 prime?
False
Is 8154127 a composite number?
False
Is 420408089 a prime number?
True
Is 54195181 a prime number?
False
Is 71726071 prime?
True
Is 2704597 composite?
True
Is 3389978 composite?
True
Is 38542939 a composite number?
False
Is 587369599 a prime number?
True
Is 2239154 a composite number?
True
Is 89027399 a composite number?
False
Is 54362491 a prime number?
True
Is 486781 a prime number?
True
Is 442541 a composite number?
True
Is 73059499 composite?
True
Is 317833 prime?
False
Is 248084869 a composite number?
False
Is 10104709 a prime number?
False
Is 12490691 prime?
False
Is 32632391 prime?
False
Is 1127507 prime?
True
Is 52614773 prime?
True
Is 1744187 prime?
True
Is 81043427 composite?
False
Is 88824223 a prime number?
False
Is 861491 a prime number?
True
Is 11683717 composite?
False
Is 67769095 prime?
False
Is 3206197 a prime number?
True
Is 619144411 prime?
True
Is 607681067 prime?
False
Is 325607 a prime number?
True
Is 61547917 composite?
False
Is 107299 prime?
False
Is 10749983 composite?
False
Is 163957733 a prime number?
True
Is 307224077 a prime number?
False
Is 28634201 a prime number?
True
Is 583661851 prime?
True
Is 3931789 a composite number?
True
Is 18584597 composite?
True
Is 45490493 composite?
False
Is 1201873 a prime number?
True
Is 5953667 a composite number?
False
Is 66303169 composite?
False
Is 26564649 prime?
False
Is 10313987 prime?
True
Is 3795013 a prime number?
True
Is 11972093 a composite number?
True
Is 3402617 a prime number?
False
Is 178715483 prime?
False
Is 2658827 a composite number?
False
Is 12012487 a prime number?
True
Is 234019619 a composite number?
False
Is 1548661 prime?
False
Is 95482531 prime?
True
Is 63834811 prime?
True
Is 4820549 a prime number?
False
Is 16191969 a composite number?
True
Is 58669747 a prime number?
True
Is 68462581 prime?
False
Is 63241 composite?
False
Is 2286601 prime?
True
Is 87354103 a prime number?
False
Is 148289 a prime number?
False
Is 20402809 a prime number?
False
Is 1332258437 a prime number?
True
Is 22537741 a composite number?
True
Is 7521757 prime?
False
Is 9728687 a composite number?
True
Is 696637 a composite number?
True
Is 8675122 a prime number?
False
Is 73659667 composite?
True
Is 36950747 a composite number?
True
Is 30570077 composite?
True
Is 2146109 a composite number?
True
Is 79927147 a prime number?
True
Is 27808507 a composite number?
False
Is 868111 a composite number?
False
Is 21696289 a composite number?
True
Is 35034281 prime?
True
Is 17985197 composite?
False
Is 1462913 prime?
False
Is 2280783 a prime number?
False
Is 2581273 prime?
True
Is 614603323 a composite number?
True
Is 5451109 a prime number?
False
Is 13731547 prime?
False
Is 8052999 a composite number?
True
Is 1235569 a prime number?
True
Is 4475303 prime?
False
Is 2062553 a composite number?
False
Is 60413473 a prime number?
True
Is 9482069 a composite number?
False
Is 337054141 a composite number?
False
Is 27414217 a prime number?
False
Is 40009 a composite number?
False
Is 36154877 prime?
False
Is 77519579 prime?
True
Is 3253111 a prime number?
True
Is 169726741 composite?
True
Is 8185543 prime?
False
Is 33645581 prime?
True
Is 32431813 prime?
False
Is 99218869 a prime number?
False
Is 365090021 a prime number?
False
Is 16108161 a composite number?
True
Is 176637199 composite?
False
Is 99854837 a prime number?
False
Is 329322813 composite?
True
Is 512883715 prime?
False
Is 9539557 prime?
True
Is 188394742 a prime number?
False
Is 80023583 a composite number?
False
Is 4262939 composite?
True
Is 6953581 a composite number?
False
Is 21777341 prime?
True
Is 18423269 prime?
False
Is 997457 a prime number?
False
Is 1509703 a prime number?
False
Is 359747 a prime number?
True
Is 250429 prime?
False
Is 1022341 a prime number?
True
Is 6773509 prime?
True
Is 1905080651 a composite number?
True
Is 12228